 base 2
-101000011000101111000
What is 62474 (base 8) in base 15?
7a2b
Convert -260012 (base 7) to base 16.
-bb9d
What is 1d49a (base 16) in base 4?
131102122
What is -17985 (base 15) in base 11?
-52445
220157 (base 8) to base 10
73839
Convert -21110121112 (base 3) to base 10.
-146975
Convert -100063 (base 14) to base 16.
-83537
8631151 (base 9) to base 14
885dc5
Convert 33233131 (base 4) to base 5.
4030402
Convert -112121003323 (base 4) to base 15.
-7ae314
38676 (base 12) to base 10
76986
Convert -21403434 (base 5) to base 4.
-231020211
What is 200 (base 16) in base 4?
20000
Convert 11adc9 (base 15) to base 7.
10124664
Convert -1231320222 (base 4) to base 16.
-6de2a
What is 2108495 (base 10) in base 16?
202c4f
What is -22101000210 (base 3) in base 15?
-33c50
What is -1109875 (base 10) in base 5?
-241004000
Convert 40562 (base 14) to base 2.
100101110001101010
-110212120011 (base 3) to base 16
-3ddbc
Convert 26da6 (base 14) to base 6.
2020222
What is -1122210122021 (base 3) in base 8?
-3272243
What is 5431516 (base 7) in base 8?
2417355
6a064 (base 11) to base 5
11214401
17382 (base 14) to base 2
1110001111010110
What is -1334412312 (base 5) in base 11?
-1a3701a
Convert 134222053 (base 6) to base 15.
38c48c
Convert 491690 (base 10) to base 14.
cb28a
What is 100053254 (base 6) in base 8?
6336502
Convert 2252b (base 13) to base 6.
1200514
What is -24c4b (base 16) in base 5?
-14304403
What is 293926 (base 11) in base 15?
90edb
What is 261952 (base 11) in base 15?
82300
20041150 (base 6) to base 16
8a05a
What is -75482 (base 9) in base 3?
-2112112202
Convert -182b9b2 (base 12) to base 5.
-2242213200
73b8a7 (base 15) to base 5
2402202312
-1001101222222 (base 3) to base 11
-352101
Convert -53120522 (base 6) to base 9.
-2822435
43a36 (base 12) to base 14
2492a
What is -4128952 (base 11) in base 14?
-d7a17d
Convert -111001110010011111110 (base 2) to base 12.
-773a26
30522054 (base 6) to base 4
3113101102
What is 4313341 (base 6) in base 12?
a2851
-81866 (base 11) to base 6
-2321123
What is -21112232333 (base 4) in base 6?
-124321435
What is -496128 (base 10) in base 5?
-111334003
-3420103213 (base 5) to base 2
-11100111010111111110011
6544412 (base 10) to base 16
63dc1c
Convert 25221560 (base 7) to base 15.
2edd52
What is 4092d7 (base 14) in base 15?
2ced9d
Convert -1011222110000 (base 3) to base 6.
-21254043
-202112200002201 (base 3) to base 4
-221221123021
What is 767424 (base 11) in base 12?
4b0b1a
-a2eb (base 16) to base 6
-521031
Convert -82733 (base 16) to base 7.
-4353536
What is -200435114 (base 6) in base 2?
-1100111100111100010110
Convert 603668 (base 9) to base 3.
200010202022
4201014 (base 5) to base 10
68884
What is 3006035 (base 9) in base 4?
12012110021
12215 (base 11) to base 10
17561
13321214 (base 6) to base 7
3535435
-1939 (base 16) to base 11
-4940
What is 1c37d (base 16) in base 3?
12212112210
-15023112 (base 6) to base 16
-7e194
152119 (base 10) to base 16
25237
Convert 164142125 (base 7) to base 4.
222233103230
2c0c6 (base 15) to base 4
202221300
Convert -113041600 (base 7) to base 13.
-1595143
-142d3 (base 15) to base 2
-1111110100000101
What is -1106235 (base 7) in base 3?
-20221102200
What is -124444504 (base 6) in base 10?
-2463448
What is 18455a (base 12) in base 13?
11a370
Convert 4225817 (base 9) to base 16.
22812d
-a770a1 (base 14) to base 4
-111213123011
1114211321 (base 5) to base 4
21200101011
-11130211220 (base 4) to base 6
-50334132
Convert 110010010011111010101010 (base 2) to base 16.
c93eaa
What is 131305454 (base 6) in base 12?
a4b28a
111273 (base 8) to base 9
56466
What is -26437 (base 12) in base 11?
-36460
834478 (base 14) to base 7
52436411
Convert -25286 (base 11) to base 12.
-18ba9
Convert -b0deb (base 15) to base 6.
-20000405
-4c095c (base 13) to base 10
-1829502
Convert 525a (base 12) to base 7.
35143
Convert -70202 (base 11) to base 3.
-12012220212
-517204 (base 12) to base 3
-2101220002211
131404 (base 11) to base 9
344600
Convert -10113414202 (base 5) to base 3.
-201101000222121
411aad (base 15) to base 6
150151401
What is -112210110 (base 3) in base 11?
-8115
What is -33a08 (base 15) in base 3?
-22100022122
Convert -11001111000000011111 (base 2) to base 16.
-cf01f
547113 (base 8) to base 13
6590b
What is 1101002111202 (base 3) in base 12?
2b2618
13412143 (base 5) to base 7
1114365
What is 136d72 (base 14) in base 16?
a41b8
What is 1148506 (base 10) in base 7?
12522262
-4bc7a7 (base 14) to base 4
-21330302333
What is 20c9ee (base 15) in base 3?
2221022222022
Convert 2a1aa39 (base 12) to base 9.
16884460
3123021101 (base 4) to base 2
11011011001001010001
What is 24489 (base 15) in base 3?
12212211010
Convert 895136 (base 13) to base 2.
1100010110101011000000
What is -10200221212 (base 3) in base 9?
-120855
Convert -494011 (base 11) to base 16.
-bebfd
398b8 (base 14) to base 7
1130021
112221310 (base 4) to base 5
10432123
What is -61335 (base 8) in base 2?
-110001011011101
What is 311558 (base 10) in base 9?
524335
What is 2586a (base 14) in base 9?
150440
Convert -582839 (base 13) to base 12.
-849b0b
Convert 104145222 (base 6) to base 12.
768212
1124366 (base 7) to base 15
2bad5
2611051 (base 7) to base 3
122012220121
Convert -e026d (base 16) to base 9.
-1648378
What is 1010100100101110010100 (base 2) in base 12?
b18104
Convert -113619 (base 10) to base 8.
-335723
Convert 38cc2 (base 13) to base 6.
2132101
What is 43364 (base 11) in base 10?
62990
What is -b76278 (base 13) in base 5?
-2100012034
Convert -52225024 (base 6) to base 5.
-341342412
Convert -180494 (base 12) to base 3.
-210002211111
Convert -110000010111111100101 (base 2) to base 7.
-16321233
-85903 (base 10) to base 4
-110332033
Convert -52cac3 (base 13) to base 4.
-13122010220
What is 345961 (base 10) in base 11?
216a20
-100000100111011101 (base 2) to base 6
-2510301
Convert -13a104 (base 16) to base 2.
-100111010000100000100
What is -3024001 (base 5) in base 14?
-13a14
-ca52b3 (base 14) to base 12
-2365565
-72ac98 (base 13) to base 16
-28e5e8
4414644 (base 7) to base 2
10000100010011100011
Convert -2149160 (base 12) to base 2.
-11000000110110110011000
Convert 353067 (base 8) to base 5.
12323000
11125478 (base 9) to base 16
52411d
Convert 132130 (base 8) to base 5.
2434133
What is 44001333 (base 6) in base 14?
2602c9
What is 64bb90 (base 16) in base 13?
14a1aa8
What is -11649392 (base 10) in base 4?
-230130011300
Convert -1010011001011011101 (base 2) to base 12.
-1451b9
Convert 88430 (base 16) to base 15.
b0588
56550566 (base 7) to base 11
2860475
What is 132421241 (base 5) in base 11?
41858a
2c800 (base 14) to base 5
12030303
What is 24164305 (base 7) in base 2?
1000001101000000010011
Convert -111011000010001011 (base 2) to base 14.
-64199
10100022101121 (base 3) to base 7
21052321
-44223136 (base 7) to base 2
-1110100000110010000001
Convert 69630 (base 12) to base 10.
140868
What is -1010122111001 (base 3) in base 2?
-10010011010001100011
Convert -101111100111110010 (base 2) to base 4.
-233213302
Convert -221201102122 (base 3) to base 16.
-7b980
Convert -25261 (base 14) to base 9.
-147773
What is -2001011201 (base 3) in base 16?
-9d1e
-536a4 (base 15) to base 9
-443151
96631 (base 13) to base 2
1000010001110110101
-16aa05 (base 12) to base 8
-1375445
-50220a (base 14) to base 3
-12001220212012
Convert -212021210202 (base 3) to base 12.
-1a133b
-203301321 (base 4) to base 10
-146553
Convert 454047 (base 13) to base 16.
18f9d8
Convert 1553054 (base 6) to base 12.
4578a
Convert 6424045 (base 7) to base 13.
213955
Convert -50102322 (base 7) to base 8.
-17614713
Convert -200111210202201 (base 3) to base 13.
-2065a20
What is -45566603 (base 7) in base 16?
-3cc76d
What is -4b98b3 (base 13) in base 11?
-1033944
What is 2afc9 (base 16) in base 11?
110317
Convert -3033212121 (base 4) to base 6.
-30120413
437a3 (base 16) to base 14
72a1d
Convert -22321133312 (base 4) to base 6.
-141122342
Convert -221110200200020 (base 3) to base 5.
-11431121320
Convert -11268 (base 16) to base 2.
-10001001001101000
3311033 (base 4) to base 5
1000240
-c6b64 (base 14) to base 5
-110322300
Convert -6ec7 (base 16) to base 12.
-144b3
What is 10303121 (base 4) in base 13?
8c54
-d42c5 (base 14) to base 12
-207831
Convert -2516642 (base 7) to base 14.
-86192
What is -